{"id":7,"date":"2025-10-21T13:49:20","date_gmt":"2025-10-21T11:49:20","guid":{"rendered":"https:\/\/schristian.hak-digital.at\/?page_id=7"},"modified":"2026-01-09T23:59:06","modified_gmt":"2026-01-09T22:59:06","slug":"ueber-mich","status":"publish","type":"page","link":"https:\/\/schristian.hak-digital.at\/","title":{"rendered":"Universum"},"content":{"rendered":"\n<div class=\"wp-block-cover alignfull\" style=\"padding-top:var(--wp--preset--spacing--30);padding-right:var(--wp--preset--spacing--30);padding-bottom:var(--wp--preset--spacing--30);padding-left:var(--wp--preset--spacing--30);min-height:50px;aspect-ratio:unset;\"><img loading=\"lazy\" decoding=\"async\" width=\"1280\" height=\"800\" class=\"wp-block-cover__image-background wp-image-47 size-full\" alt=\"\" src=\"https:\/\/schristian.hak-digital.at\/wp-content\/uploads\/2025\/12\/space-9250868_1280.jpg\" data-object-fit=\"cover\" srcset=\"https:\/\/schristian.hak-digital.at\/wp-content\/uploads\/2025\/12\/space-9250868_1280.jpg 1280w, https:\/\/schristian.hak-digital.at\/wp-content\/uploads\/2025\/12\/space-9250868_1280-300x188.jpg 300w, https:\/\/schristian.hak-digital.at\/wp-content\/uploads\/2025\/12\/space-9250868_1280-1024x640.jpg 1024w, https:\/\/schristian.hak-digital.at\/wp-content\/uploads\/2025\/12\/space-9250868_1280-768x480.jpg 768w\" sizes=\"auto, (max-width: 1280px) 100vw, 1280px\" \/><span aria-hidden=\"true\" class=\"wp-block-cover__background has-black-background-color has-background-dim\"><\/span><div class=\"wp-block-cover__inner-container is-layout-flow wp-block-cover-is-layout-flow\">\n<div style=\"height:100px\" aria-hidden=\"true\" class=\"wp-block-spacer\"><\/div>\n\n\n<h2 class=\"has-text-align-center wp-block-post-title\">Universum<\/h2>\n\n\n<div style=\"height:100px\" aria-hidden=\"true\" class=\"wp-block-spacer\"><\/div>\n<\/div><\/div>\n\n\n\n<figure class=\"wp-block-embed is-type-video is-provider-youtube wp-block-embed-youtube wp-embed-aspect-16-9 wp-has-aspect-ratio\"><div class=\"wp-block-embed__wrapper\">\n<iframe loading=\"lazy\" title=\"Entstehung unseres Universums\" width=\"660\" height=\"371\" src=\"https:\/\/www.youtube.com\/embed\/LFaAE8ICl0s?feature=oembed\" frameborder=\"0\" allow=\"accelerometer; autoplay; clipboard-write; encrypted-media; gyroscope; picture-in-picture; web-share\" referrerpolicy=\"strict-origin-when-cross-origin\" allowfullscreen><\/iframe>\n<\/div><\/figure>\n\n\n\n<h2 class=\"wp-block-heading\"><strong>Fakten<\/strong><\/h2>\n\n\n\n<div class=\"wp-block-media-text is-stacked-on-mobile has-secondary-background-color has-background\"><figure class=\"wp-block-media-text__media\"><img loading=\"lazy\" decoding=\"async\" width=\"1024\" height=\"682\" src=\"https:\/\/schristian.hak-digital.at\/wp-content\/uploads\/2025\/12\/milky-way-8149815_1280-1024x682.jpg\" alt=\"\" class=\"wp-image-68 size-full\" srcset=\"https:\/\/schristian.hak-digital.at\/wp-content\/uploads\/2025\/12\/milky-way-8149815_1280-1024x682.jpg 1024w, https:\/\/schristian.hak-digital.at\/wp-content\/uploads\/2025\/12\/milky-way-8149815_1280-300x200.jpg 300w, https:\/\/schristian.hak-digital.at\/wp-content\/uploads\/2025\/12\/milky-way-8149815_1280-768x512.jpg 768w, https:\/\/schristian.hak-digital.at\/wp-content\/uploads\/2025\/12\/milky-way-8149815_1280.jpg 1280w\" sizes=\"auto, (max-width: 1024px) 100vw, 1024px\" \/><\/figure><div class=\"wp-block-media-text__content\">\n<p class=\"has-quaternary-color has-text-color has-link-color wp-elements-8bab60743775ea3616f9b1b5260e6afb\">Man kann bei wenig Lichtverschmutzung die Milchstra\u00dfe sehen<\/p>\n<\/div><\/div>\n\n\n\n<div style=\"height:66px\" aria-hidden=\"true\" class=\"wp-block-spacer\"><\/div>\n\n\n\n<div class=\"wp-block-media-text has-media-on-the-right is-stacked-on-mobile has-quaternary-color has-secondary-background-color has-text-color has-background has-link-color wp-elements-987abb3ad2931b1864743742a8980882\"><div class=\"wp-block-media-text__content\">\n<p>Die Erde liegt in der habitablen Zone der Sonne. Dort sind die Temperaturen so, dass fl\u00fcssiges Wasser existieren kann und Leben m\u00f6glich ist.<\/p>\n<\/div><figure class=\"wp-block-media-text__media\"><img loading=\"lazy\" decoding=\"async\" width=\"1280\" height=\"1280\" src=\"https:\/\/schristian.hak-digital.at\/wp-content\/uploads\/2025\/12\/earth-11009_1280.jpg\" alt=\"\" class=\"wp-image-70 size-full\" srcset=\"https:\/\/schristian.hak-digital.at\/wp-content\/uploads\/2025\/12\/earth-11009_1280.jpg 1280w, https:\/\/schristian.hak-digital.at\/wp-content\/uploads\/2025\/12\/earth-11009_1280-300x300.jpg 300w, https:\/\/schristian.hak-digital.at\/wp-content\/uploads\/2025\/12\/earth-11009_1280-1024x1024.jpg 1024w, https:\/\/schristian.hak-digital.at\/wp-content\/uploads\/2025\/12\/earth-11009_1280-150x150.jpg 150w, https:\/\/schristian.hak-digital.at\/wp-content\/uploads\/2025\/12\/earth-11009_1280-768x768.jpg 768w\" sizes=\"auto, (max-width: 1280px) 100vw, 1280px\" \/><\/figure><\/div>\n\n\n\n<p><\/p>\n\n\n\n<div class=\"wp-block-group alignfull\"><div class=\"wp-block-group__inner-container is-layout-constrained wp-block-group-is-layout-constrained\"><\/div><\/div>\n\n\n<ul class=\"wp-block-latest-posts__list wp-block-latest-posts\"><li><div class=\"wp-block-latest-posts__featured-image alignleft\"><img loading=\"lazy\" decoding=\"async\" width=\"150\" height=\"150\" src=\"https:\/\/schristian.hak-digital.at\/wp-content\/uploads\/2025\/12\/black-hole-6274731_1280-1-150x150.jpg\" class=\"attachment-thumbnail size-thumbnail wp-post-image\" alt=\"\" style=\"max-width:150px;max-height:150px;\" \/><\/div><a class=\"wp-block-latest-posts__post-title\" href=\"https:\/\/schristian.hak-digital.at\/?p=52\">Schwarze L\u00f6cher<\/a><div class=\"wp-block-latest-posts__post-excerpt\">Schwarze L\u00f6cher sind sehr dichte Objekte im Weltall. Sie entstehen, wenn ein sehr gro\u00dfer Stern am Ende seines Lebens in sich zusammenf\u00e4llt. Dabei wird die Masse so stark zusammengedr\u00fcckt, dass selbst Licht nicht mehr\u2026 <a class=\"wp-block-latest-posts__read-more\" href=\"https:\/\/schristian.hak-digital.at\/?p=52\" rel=\"noopener noreferrer\">Read more<span class=\"screen-reader-text\">: Schwarze L\u00f6cher<\/span><\/a><\/div><\/li>\n<\/ul>","protected":false},"excerpt":{"rendered":"<p>Fakten Man kann bei wenig Lichtverschmutzung die Milchstra\u00dfe sehen Die Erde liegt in der habitablen Zone der Sonne. Dort sind die Temperaturen so, dass fl\u00fcssiges Wasser existieren kann und Leben m\u00f6glich ist.<\/p>\n","protected":false},"author":1,"featured_media":0,"parent":0,"menu_order":0,"comment_status":"closed","ping_status":"closed","template":"","meta":{"hide_page_title":"","footnotes":""},"class_list":["post-7","page","type-page","status-publish","hentry"],"_links":{"self":[{"href":"https:\/\/schristian.hak-digital.at\/index.php?rest_route=\/wp\/v2\/pages\/7","targetHints":{"allow":["GET"]}}],"collection":[{"href":"https:\/\/schristian.hak-digital.at\/index.php?rest_route=\/wp\/v2\/pages"}],"about":[{"href":"https:\/\/schristian.hak-digital.at\/index.php?rest_route=\/wp\/v2\/types\/page"}],"author":[{"embeddable":true,"href":"https:\/\/schristian.hak-digital.at\/index.php?rest_route=\/wp\/v2\/users\/1"}],"replies":[{"embeddable":true,"href":"https:\/\/schristian.hak-digital.at\/index.php?rest_route=%2Fwp%2Fv2%2Fcomments&post=7"}],"version-history":[{"count":35,"href":"https:\/\/schristian.hak-digital.at\/index.php?rest_route=\/wp\/v2\/pages\/7\/revisions"}],"predecessor-version":[{"id":157,"href":"https:\/\/schristian.hak-digital.at\/index.php?rest_route=\/wp\/v2\/pages\/7\/revisions\/157"}],"wp:attachment":[{"href":"https:\/\/schristian.hak-digital.at\/index.php?rest_route=%2Fwp%2Fv2%2Fmedia&parent=7"}],"curies":[{"name":"wp","href":"https:\/\/api.w.org\/{rel}","templated":true}]}}